i(6).
-13
Let g = -9 - -13. Let l(f) = -3 + 2*f**3 + 9*f**2 + 4*f + 2*f**2 + 2 - 3*f**3 - 8*f**2. Determine l(g).
-1
Let b(f) = 6*f**3 + f**2. Suppose t - 4*t = 0. Let a be 34/(-30) + (-12)/(-90). Let l = a + t. Give b(l).
-5
Let t(o) = 3*o - 14. Let n(c) = c - 5 + 4 - 4. Let u(z) = 8*n(z) - 3*t(z). Give u(2).
0
Let k(v) = v**2. Let y(a) = -2*a**2 + 4*a - 2. Let r(w) = -3*k(w) - y(w). Let t(j) = j**2 + 7*j + 8. Let n be t(-4). Give r(n).
2
Let o(r) = 3*r - r - 2 + 5*r - 7 - 6*r. Determine o(-10).
-19
Let f(m) = 14*m + 2. Suppose z + 4*n = -3*z + 8, 3*z = -5*n + 8. Calculate f(z).
16
Let n(a) = -2*a. Let f(o) = -3*o + 1. Let l(v) = f(v) - 3*n(v). Give l(1).
4
Let g(q) = -q**3 - 6*q**2 - 7*q - 5. Let m(w) = -2*w - 2. Let t be m(-3). Suppose 0 = -t*p - p - 20. Let f be (-4)/(4 + (p - -1)). Determine g(f).
-9
Let i(g) = -5*g**2 + 2*g - 1. Suppose -11*s + 3*f - 2*f = -26, 4*s = 3*f + 20. Determine i(s).
-17
Let u(i) = 23*i**3 - 14*i**2 - 6*i + 3. Let b(d) = 27*d**3 - 14*d**2 - 7*d + 3. Let y(a) = -6*b(a) + 7*u(a). Calculate y(-14).
3
Let t be (-806)/(-156) - (7 + -2). Let r(x) be the second derivative of 0 + 1/20*x**5 + t*x**3 + 2*x**2 - 5/12*x**4 - x. Determine r(3).
-11
Let f(s) = -s**2 - 4*s - 1. Let q(r) = r**3 - 8*r**2 + 8*r - 11. Let x = 101 - 94. Let n be q(x). Calculate f(n).
-1
Let h(c) = 2*c - 3. Let d be h(4). Let i(s) = -4*s**3 - s**2 - s + 3. Let z(l) = -5*l**3 - l**2 - l + 4. Let n(k) = d*z(k) - 6*i(k). Calculate n(0).
2
Let w(y) be the third derivative of -y**2 + 0 - 1/12*y**4 - 1/10*y**6 + 0*y**5 - 1/6*y**3 + 0*y. Let d = -7242 - -7241. Give w(d).
13
Let s(w) = 4*w**3 + 8 + 5*w**2 + 6*w - 4*w**3 - w**3. Let l be 8/(-6) + 765/27. Suppose 3*j = -9 + l. Calculate s(j).
8
Let q(l) = -l**2 + 66*l**3 + 1 + 67*l**3 - 132*l**3. Let w(z) = -z**2 - 10*z. Let u be w(-10). What is q(u)?
1
Let k = -38 + 33. Let g(q) = -3*q - 10. What is g(k)?
5
Let t be (-2 + 14 + -7)*-1. Let u(q) be the third derivative of q**5/60 + q**4/12 - 2*q**3/3 + 2*q**2. What is u(t)?
11
Let d(b) = 7*b + 0 + 3 + b**2 - b. Suppose -49*w = -45*w + 20. Give d(w).
-2
Let t(c) be the second derivative of 5*c**3/3 + 26*c. What is t(-1)?
-10
Let p(r) = 3*r + 9. Let u(f) = 6*f + 10. Let b(y) = -3*p(y) + 2*u(y). Determine b(5).
8
Let n(r) = r**2 - 7*r + 1. Let z(k) = 2*k**3 - 2*k**2 - 2*k + 1. Suppose -8*p + 4 = -6*p. Let o be z(p). Give n(o).
-9
Let a(l) = 6*l**2 + 4*l + 10. Let p be a(-3). Let u = p - 48. Let k(g) = -2*g. Let o(b) = -b. Let d(s) = -3*k(s) + 4*o(s). Calculate d(u).
8
Let n(p) = -4*p + 66. Let s(o) = 2*o - 33. Let i(t) = -3*n(t) - 5*s(t). Determine i(14).
-5
Let v(n) be the second derivative of n**6/120 + n**5/30 - 5*n**4/24 - n**3/2 + 5*n**2 - 13*n. Let j(w) be the first derivative of v(w). Determine j(-4).
-15
Suppose -3 = -2*z + 3. Suppose -4*g = 3*x - 21, 5*g = x + 2*x + 6. Let p(i) = 0*i**3 + 3*i**x - 3*i**3 + z*i**2 - i**3 - 2 - i. Give p(2).
0
Let w(t) = -2*t + 17*t - 16*t. Suppose -3*v = -v - 4. Let d = v + 2. Calculate w(d).
-4
Let n(p) = -p**3 + 20*p**2 - 7*p - 7. Let s(j) = -2*j**2 + 1. Let a(h) = n(h) + 6*s(h). Give a(7).
-1
Let o(u) = -u**3 + 17*u**2 + u - 14. Let v be o(17). Let h(j) = 2*j**2 - 3*j + 7. Let d(c) = -c**2 + 3*c - 6. Let q(i) = v*h(i) + 4*d(i). Determine q(-3).
6
Suppose -17 - 3 = 2*q. Let t be 6/12 + q/(-4). Let k(x) = -x - x**t + 4*x - 3*x - 4*x - 6*x**2 + 1. Determine k(-5).
-4
Let d(m) = -103*m + 26*m + 30*m - 5 + 25*m + 23*m. Suppose -4*n = 4*y - 4, 4*y - 47 + 13 = 2*n. Determine d(y).
1
Let c(j) be the second derivative of 0 - 1/12*j**4 + 1/6*j**3 + 2/5*j**5 - 1/2*j**2 + 10*j. Give c(1).
7
Let d(m) = 5*m - 37. Let i be d(8). Let x(g) = -i*g - 20 + 0*g + 19. Determine x(5).
-16
Let k(s) = -3*s**2 + 2*s + 2. Suppose x + 0*x = 5*i + 146, -5*i + 2*x = 142. Let t be ((-16)/6)/((-20)/i). Let m = t - -2. Determine k(m).
-14
Let d(u) = -u**2 + 2*u + 1. Let p(r) = 6*r**2 - 12*r - 5. Let m(a) = -11*d(a) - 2*p(a). Suppose 5*o - 22 + 7 = q, 0 = 3*q - 5*o + 5. Give m(q).
-16
Let f(n) = -2*n + 11. Let i be (-260)/(-130) - 1*11*-1. Give f(i).
-15
Let s(y) be the first derivative of 3*y**2/2 + 32*y + 946. What is s(-9)?
5
Let z = 63 + -55. Let n(o) = o**3 + 4*o**2 + 2*o - 1. Let b be n(-3). Let k(p) = -p**2 + b + 4 - 2*p + 9*p. Determine k(z).
-2
Let x be (60/8)/(6/4). Let t(g) = -g + x + 6 - 9. What is t(4)?
-2
Let u = -43 - -46. Let w(i) = -u*i - i**3 - 36*i**2 + 4*i - 4 + 37*i**2. What is w(0)?
-4
Suppose -2*f - 16 = -6. Let x(l) be the third derivative of l**5/60 + 7*l**4/24 - l**3/3 + 8*l**2. What is x(f)?
-12
Let m(g) = 2*g**3 + 2*g**2 - 2*g. Let s = 948 + -950. Calculate m(s).
-4
Suppose 25 = 11*x - 6*x. Let n(z) = -z**3 + 6*z**2 - z - 2. Calculate n(x).
18
Let l(u) = 2*u - 21. Let n(t) = t - 11. Suppose 0 = 8*f + 15 - 71. Let x(p) = f*n(p) - 4*l(p). What is x(7)?
0
Let y(z) = -6 + 5*z + 5*z**2 + 0*z**2 - 4*z**2. Let f = 94 - 63. Suppose -15 = f*p - 28*p. Determine y(p).
-6
Suppose -5*u = -6*u + 3. Let n(v) = 4*v**2 - u + 5 - v**3 + 17*v - 20*v. Give n(4).
-10
Suppose 4*a = -5*t + 5*a + 14, 0 = -5*a - 20. Let g(w) = -13*w**2 - 12*w**2 + 26*w**t - 1. Give g(1).
0
Let h = -80 + 84. Let m be (-11)/9 + h/18. Let w(q) = -16*q**3 + q**2 - q - 1. What is w(m)?
17
Let i(d) = 24*d - 1. Suppose 0 = -3*o - 3*w, -5*o + 5*w - 26 = -36. Determine i(o).
23
Let w(y) be the second derivative of y**5/20 - y**4/6 + y**3/2 + y**2 + y - 27. Calculate w(-3).
-52
Let c(d) = 2*d**2. Let f = 107 + -204. Let z = -96 - f. Determine c(z).
2
Let o(j) be the second derivative of 3*j**5/4 - j**3/6 - j**2/2 + 2*j + 14. Give o(-1).
-15
Let r(h) = -10*h + 11. Let m(v) = -9*v + 9. Let l(a) = 6*m(a) - 5*r(a). Calculate l(4).
-17
Let o(t) = t**3 - 6*t**2 + 6*t - 9. Let n be o(6). Let i = n + -26. Let p(x) = -7*x**2 - 1. What is p(i)?
-8
Let c(a) = 2*a**3 + 0*a**2 - 4*a - a**3 + 3*a**2 + 1. Let p(g) = -3*g**2 - 4. Let u be (-2 - -1)*-2 + -2. Let x be p(u). Give c(x).
1
Let s(z) = -z**2 + 7. Let a be (-160)/(-26) + (-34)/221. Determine s(a).
-29
Let u(n) = n**2 - 3*n + 5. Let c be u(2). Let x(m) = 74*m**3 + m**2 - 3 + m - 75*m**c + 3*m**2 - 5*m**2. What is x(0)?
-3
Let n(t) be the third derivative of t**5/60 - t**3/2 - 2*t**2. Suppose 5*q + 4*r = 0, -r = q + 4*r. Determine n(q).
-3
Let p be 2 - -2 - (-6)/(-3). Let z(t) = -43 + t**p + 41 + 5*t + 5*t - 6*t. Calculate z(-4).
-2
Suppose -2*y = -s - 2 + 4, 4*s = -8. Let q(h) = 4*h + 4. Let o be q(y). Let u(w) = w**2 + 4*w + 2. Give u(o).
2
Let o(l) = -33*l**3 + 2*l + 1. Let h be o(-1). Let a(z) be the first derivative of 6*z + 0*z**2 + z**2 - 29 + h. Calculate a(-6).
-6
Let l(o) = 0*o + 0*o + 6*o. Let b(n) = -n**2 + 68*n - 68. Let y be b(1). Calculate l(y).
-6
Let z(j) = -j**3 - 11*j**2 - 2*j + 13. Let s(p) = -2*p**2 - 34*p - 11. Let u be s(-17). Determine z(u).
35
Let s(m) = 3*m - 9. Let j(g) be the first derivative of g**3/3 + g**2/2 - 3*g + 7. Let r be j(2). Suppose -5*n + r*n = -12. Calculate s(n).
9
Suppose -3*b - 4*d + 17 = -2*b, -d + 3 = 0. Let a(w) be the first derivative of w**3/3 - 2*w**2 - 4*w + 6. Calculate a(b).
1
Let a be (-1)/(-2)*(10 + -2). Let c(l) = l**2 - 6*l + 2. Let t be c(a). Let w be (-8)/6*(-27)/t. Let h(r) = r + 5. Determine h(w).
-1
Let j(h) = -23*h. Let w(z) = 4*z - 10. Let r be w(5). Suppose -5*y + 5 - r = 0. Determine j(y).
23
Suppose 28 = 4*i + 16. Let g(c) be the second derivative of 1/3*c**4 - 1/6*c**i + c**2 + 0 - 1/20*c**5 - 2*c. Give g(4).
-2
Let r(t) = t - 4. Let g be 10/(-4)*(52/20 + -5). Give r(g).
2
Let v = 10 - 5. Let b(p) = 6*p**3 + 4*p**2 + 3. Let z(x) = 5*x**3 + 4*x**2 - x + 2. Let u(t) = v*z(t) - 4*b(t). Determine u(-5).
-2
Let k(f) be the third derivative of f**6/120 + f**5/10 - f**4/12 - 5*f**3/6 - 511*f**2. Determine k(-6).
7
Let j(q) be the third derivative of q**4/24 - q**3/6 - 6*q**2. Let a(v) = -14*v + 167. Let k be a(12). Calculate j(k).
-2
Let v(x) = x**2 + 5*x + 3. Suppose -5*q - 22 = -2, -q - 10 = -2*h. Suppose -h*d - 11 - 1 = 0. Determine v(d).
-1
Let s(k) = k**2 - 12*k + 14. Suppose -4*j - 2*c = -9*j + 8, 0 = 2*j + 4*c - 8. Suppose -50 = -5*z + 5*l, -5*l + 27 = j*z - 0*l. Calculate s(z).
3
Let m(k) be the third derivative of 2*k**5/5 - 40*k**2. Calculate m(1).
24
Let b(n) = n**3 + 5*n**2 - 3*n + 2. Let h(l) = -l**2 + 6*l + 49. Let k be h(11). Give b(k).
-16
Let k = 3 - 0